 -8181. What is the hundreds digit of j?
5
Let n(q) = 109*q + 13. Let b(r) = 36*r + 4. Let y(f) = -17*b(f) + 6*n(f). What is the units digit of y(3)?
6
Let o = -7 - -12. Let y be 44*o + 0 + 0. Suppose -y = -4*p - 76. What is the units digit of p?
6
Suppose 0 = -9*i - 5 + 14. What is the units digit of ((-4 + 21)*-1)/(i - 2)?
7
Let v(u) = 4*u**2 + 70*u + 47. What is the tens digit of v(-23)?
5
Suppose -42 = -2*m + 2*z, 3*z + 2*z + 73 = 3*m. Let d = 22 - m. What is the units digit of d + 16 + (-4 - -1)?
9
Let d = -2043 - -5232. What is the hundreds digit of d?
1
Let c be 3/9 - (-70)/15. Suppose -2*t - c = -81. What is the tens digit of (-4)/4 + t + 2?
3
What is the units digit of 69/115 - 5232/(-5)?
7
Let q = -63 - -443. What is the units digit of q?
0
Suppose -3*u + 29 - 104 = 0. Let z = u - -23. What is the tens digit of (5*-9 - 1)/z?
2
Let f = 31 - 14. Let z = 5 - 11. Let t = f + z. What is the units digit of t?
1
Let t be 2*-1*1 - -15. Let r(s) be the first derivative of -s**3/3 + 15*s**2/2 - 15*s - 22. What is the units digit of r(t)?
1
Let b(w) = -w**2 - 6*w - 13. Let l be b(-6). Let k = l + 12. What is the units digit of (k + 7)/(14/35)?
5
Let y be (-2 + 40/15)*18. Suppose y*t - 40 = -4. What is the units digit of t?
3
Suppose -8*x + 13*x - 10890 = 0. What is the hundreds digit of x?
1
Let w be 26/3*114/4. Let k = -107 + w. What is the units digit of k?
0
Let v be (-3)/(-1)*6/9. Suppose v*i + i = 51. What is the units digit of i?
7
Let k = -1172 + 1899. What is the units digit of k?
7
Let n be ((-192)/(-30))/(2/5). Suppose 4*z + 4*m = -m + 13, 0 = -4*z - 4*m + n. Let k(q) = 5*q - 10. What is the tens digit of k(z)?
2
Let s(f) = 2994*f**2 + 8*f + 4. What is the tens digit of s(-1)?
9
Let n(g) = 2*g**2 - 12*g - 93. What is the units digit of n(-6)?
1
Let n(c) = c**2 + 10*c - 22. Let s be n(5). Let b = 89 - s. What is the tens digit of b?
3
Let p(u) = -23*u + 15. Let i(j) = -22*j + 15. Let g(t) = -6*i(t) + 7*p(t). What is the hundreds digit of g(-5)?
1
Suppose -151 = -4*k + 3*d, 4*d - 6 = 2*k - 94. Let c = k - 1. What is the units digit of c?
3
What is the units digit of 207 + (-1 - 2) + 10/10?
5
Let g = 1606 + -545. What is the thousands digit of g?
1
Let i = 1984 + 669. What is the units digit of i?
3
Suppose 486 = -2*z + 42. Let y = 9 - 11. What is the tens digit of y/(-8) - z/8?
2
Let f(z) = z**2 - 6. Let r = 12 - 21. Let w(q) = q + 3. Let m be w(r). What is the tens digit of f(m)?
3
Suppose 19846 - 7570 = 18*g. What is the tens digit of g?
8
Suppose -3*z + 739 = -542. Suppose -320 = -2*r - 2*r - 4*q, -4*q - z = -5*r. What is the tens digit of r?
8
Suppose s = 5*h - 10942, 22*s + 8 = 18*s. What is the hundreds digit of h?
1
Let t be -4 - (5/(-25) - 5637/15). Suppose -4*i + 840 = -t. What is the hundreds digit of i?
3
Suppose -2 = 2*a - 4, -1768 = -5*u - 3*a. What is the units digit of u?
3
Let o(v) = -58*v + 2. Let q(s) = -29*s + 1. Let h = 7 - 16. Let r(i) = h*q(i) + 4*o(i). What is the tens digit of r(1)?
2
Let z be (-1)/1 - 2*-2. Suppose -12 = -0*s - 3*s, -2*d - z*s = -112. What is the units digit of d/4 - 11/(-22)?
3
Let n = -83 - -84. What is the units digit of (-15 + 16)/(n/3)?
3
Let y = 1059 + -741. What is the units digit of y?
8
Suppose -r - r + 4 = 0. Suppose r*t = t + 2. Suppose -40 = -t*y - 0. What is the tens digit of y?
2
Let s = 592 - 428. What is the tens digit of s?
6
Suppose -a - a = -4*g - 22, -19 = -a + 4*g. Let n(w) = -9*w**3 - 11*w**2 - 9*w + a*w**3 + 7*w**3 - 12. What is the units digit of n(12)?
4
Suppose 0 = -110*b + 39*b + 213426. What is the units digit of b?
6
Suppose -872 = -2*r - 4*a, 11*r + 3*a + 431 = 12*r. What is the tens digit of r?
3
Let f(o) = 11*o - 35. Let j be f(21). Let w = j - 141. What is the tens digit of w?
5
Let f(w) = 5*w + 15. Suppose -1 = a + 4. Let k(r) = 4*r + 14. Let p(o) = a*f(o) + 6*k(o). What is the units digit of p(-6)?
5
Let r be ((-15)/18)/((-3)/18). Suppose q + 4*s - 42 = 0, 0 = 3*q - r*s - 212 + 52. What is the tens digit of q?
5
Let h = 33 - 30. Suppose 2*k = -h*u + 21, -31 = -3*k - 0*u - 4*u. What is the units digit of (-10624)/(-144) - (-2)/k?
4
Suppose 3*n = 5*k + 1851, -3*k - 1845 = 19*n - 22*n. What is the units digit of n?
2
Suppose -2 = u - 18. Let z = u + -17. What is the tens digit of (-406)/(-14) - z*1?
3
Suppose -2*v + 22 = 5*u, 0*v + 5*v = 2*u - 3. Suppose 173 = u*x - 47. What is the units digit of x?
5
Suppose -5*l + 20 = -25. Suppose -3*u + 69 = -2*u. Suppose -u = -2*o + 3*n, -26 - l = -o + 2*n. What is the tens digit of o?
3
Let p = -3 - -14. What is the units digit of p?
1
Let c(s) = -s**3 + 20*s**2 + 23*s - 34. Let j be c(21). Suppose -j*k + 6*k = -310. What is the tens digit of k?
5
Suppose 7790 = 9*o - 5692. What is the units digit of o?
8
Let p(j) = -j**3 + 4*j**2 - 1. Let o be p(3). Let t = o - 8. What is the units digit of (28 - -1) + t/5?
9
Suppose -275 = -4*h + 4593. What is the tens digit of h?
1
Let i(b) = 5*b**2 - 18*b + 25. What is the hundreds digit of i(-9)?
5
Let c = -24 - -12. What is the units digit of ((-9)/c)/(5/440)?
6
Let q(o) = 3*o**3 - 43*o**2 + 14*o - 12. Let d(s) = -2*s**3 + 29*s**2 - 9*s + 8. Let t(h) = -7*d(h) - 5*q(h). What is the hundreds digit of t(4)?
1
Let z(d) be the second derivative of 17*d**4/12 + 2*d**3/3 + d**2 - d. Let y be z(-2). Let k = 101 - y. What is the tens digit of k?
3
Let q(i) = i**2 - 8*i - 10. Suppose 0 = -4*r + 4*s + 24, -6*r + 3*s = -2*r - 27. Let h be q(r). Let a(d) = -37*d - 2. What is the tens digit of a(h)?
3
Suppose -3*l = 402 + 210. Let s = -77 - l. What is the units digit of s?
7
Let i(s) = -s**3 - 2*s**2 + 17*s - 2. Let y be i(-9). Suppose 8*u = 180 + y. What is the units digit of u?
4
Suppose -5*b = -x + 5*x + 5, -4*b + x = -17. Suppose -8*q + 277 = 61. Let k = q - b. What is the tens digit of k?
2
Let j = 1705 - 1145. What is the tens digit of j?
6
Let c be -16 - -18 - (0 + -80). Let r = c - -87. What is the hundreds digit of r?
1
Let i be (-8)/(10/(-5)) + 2. What is the hundreds digit of (153/2)/(i/8)?
1
Let n(c) = -7*c - c - 4*c + 7 + 1. What is the tens digit of n(-4)?
5
What is the tens digit of ((-105)/(-10))/(-7) + 12876/24?
3
Let z(a) = a**3 + 11*a**2 - 4*a - 32. Let k be z(-10). Suppose -o + 5*q + k = 0, 2*o = -2*q + 160 + 8. What is the tens digit of o?
8
Suppose p - 539 = -5*w, -65*w = -3*p - 69*w + 1617. What is the tens digit of p?
3
Let p(s) = 3*s**3 - s**2 - s. Let j be p(2). Let w(b) = 5*b + 3*b - 7 - 8 + j. What is the tens digit of w(2)?
1
Suppose b + b = y - 240, -5*b + 5 = 0. What is the units digit of y?
2
Let n(z) = z**3 + 8*z**2 - 3*z - 17. Let h be n(-8). Suppose 2*m - 3*f - 321 = 0, -12*f + h*f = 5*m - 815. What is the hundreds digit of m?
1
Suppose a - 673 = -292. What is the hundreds digit of a?
3
Let v(t) = 15*t + 29. What is the units digit of v(5)?
4
What is the units digit of 22/(-4 - (-3 - (-135)/(-129)))?
3
Let o = -3052 - -5679. What is the thousands digit of o?
2
Let b be 40062/27 + 6/27. Suppose 4*k = 3*c + 861, -5*k + b = 5*c + 434. What is the units digit of k?
3
What is the tens digit of (-182 - 0)*20/(-15)*3?
2
Suppose -y - 3*m + 2*m = -19, 5*y = -m + 115. Let b = 19 + y. What is the tens digit of b?
4
Let b(d) = 4*d**2 + 1. Let o be b(1). Suppose -4*n - y = 45, -o*n + 4*y - 30 = 21. Let z = n - -33. What is the tens digit of z?
2
Let d = 25 + -15. What is the tens digit of ((-12)/d)/(-5 + (-2485)/(-500))?
4
Let h(k) = k**3 - 4*k**2 + 1. Let x be (-1)/2 - (-78)/12. What is the units digit of h(x)?
3
Let v(y) = 4*y**2 + 26*y + 31. What is the hundreds digit of v(-10)?
1
Suppose -5*p = 8*x - 7*x - 5518, 4*x = -8. What is the thousands digit of p?
1
Suppose 72 = -7*q + 9*q. What is the units digit of ((-24)/9)/((-2)/q)?
8
Suppose -2*b + 11*l = 13*l - 1754, 4381 = 5*b + 3*l. What is the units digit of b?
5
Let p be (-13)/((-26)/(-48)) + -3. What is the units digit of (-149)/(-3) - (-18)/p?
9
Let z(w) = w**3 - 8*w**2 + 45*w - 2. What is the tens digit of z(12)?
1
Suppose -6*k - 211 = 941. What is the hundreds digit of -2*(-3)/((-9)/k)?
1
Let s(o) = -o**3 + 15*o**2 + 18*o - 8. Suppose -3 = -3*h, -d = h - 1 - 16. What is the tens digit of s(d)?
2
Suppose -4*n - 34 = -2. What is the hundreds digit of (n/(-3))/((-2)/(-75))?
1
Suppose 0 = -292*o + 267*o + 31225. What